*u. Let k = p - -150. What is the tens digit of k?
9
Suppose 0*u - 3192 = -2*u - 2*m, -3*u + m = -4772. What is the hundreds digit of u?
5
Let p(u) = 107*u**3 - u + 2. Let x(a) = 108*a**3 - a + 3. Let y(i) = -3*p(i) + 2*x(i). What is the hundreds digit of y(-1)?
1
Suppose -t = 2*w - 479, t - 479 = 28*w - 25*w. What is the hundreds digit of t?
4
Let x(u) = 5*u**2 + u - 2. Let h be x(1). Suppose -h*c = 20, -2*b + 2*c = -200 - 130. What is the tens digit of b?
6
Let q be ((-2)/(-3))/(4/66). Suppose -41 = 2*h - q. What is the units digit of h*(-2 + 1 + -1)?
0
Let h(l) = -2*l**3 - l + 8 + 14*l**2 - 9*l + 16*l. What is the units digit of h(7)?
0
Suppose -4*w + 18 = -7*w. Let h = w + -3. What is the units digit of 2 + h/(-1)*6?
6
Let v(b) = 2*b**2 - 51*b + 7. What is the hundreds digit of v(29)?
2
Let v be -3 + 2 + 0 - -1. Suppose v*t = t. Suppose t = -2*i + 3*i - 1. What is the units digit of i?
1
Let c = 0 + -23. Let z = 77 - c. What is the hundreds digit of z?
1
Suppose -21*t + 600 = -13*t. What is the units digit of t?
5
Let h(s) = -2*s**2 + 21*s + 9. Let c be h(15). Let t = 191 + c. What is the units digit of t?
5
Suppose -i + 899 = 5*k - 0*i, -5*k + 907 = 3*i. What is the tens digit of k?
7
What is the tens digit of (4 - 26/(-3) - 2)*3?
3
Let x = 12 + -12. Let u be (x + 14)*(-5)/(-2). Suppose -2*w + 6*f = f - u, 3*f - 5 = -4*w. What is the units digit of w?
5
Let d(h) = -3*h - 3. Let x be (7/(-14))/((-2)/28). Let m be d(x). Let n = 7 - m. What is the tens digit of n?
3
What is the tens digit of 159*2 - (76 + -71)?
1
Suppose 0 = 3*c + 7*c - 7560. Suppose -5*g = g - c. What is the hundreds digit of g?
1
Suppose 7*s = 4*s + 2*h + 1001, 5*h = -20. What is the tens digit of (-2)/7 - s/(-7)?
4
Suppose -1548 - 100 = -4*l. What is the hundreds digit of l?
4
What is the thousands digit of 3183 + (-6)/6 + 12?
3
Let o(c) = -c**3 - 6*c**2 + 5*c - 10. Let d be o(-7). Suppose 8 = 2*r, -2*u = -3*u + d*r + 26. Suppose -16*z + 18*z = u. What is the tens digit of z?
2
Let i(p) = p**3 - 6*p**2 + 3*p + 3. Suppose -5*k + 54 - 14 = 0. What is the units digit of i(k)?
5
Suppose -7*t + 16 = -5*t. Suppose -4*c = -t, -2*c + 58 = 2*d + 3*c. Suppose -w + d = w. What is the units digit of w?
2
Let s(q) = -q**3 - 9*q**2 - 16*q + 5. Suppose 60 = -9*a - 3. What is the tens digit of s(a)?
1
Let r(g) = g**2 + 1. Let c(z) = 8*z**2 - z + 1. Let v(w) = c(w) + r(w). What is the tens digit of v(4)?
4
Let v(h) = 33*h**2 + 176*h + 8. What is the hundreds digit of v(-11)?
0
Let f(q) be the second derivative of q**5/60 + q**4/12 + 7*q**3/6 - 3*q**2/2 + 11*q. Let t(l) be the first derivative of f(l). What is the tens digit of t(4)?
3
Let g(p) = -12 - 16*p**2 + 22*p**2 + 5*p**2. What is the tens digit of g(-5)?
6
Let u = 24 + -14. Let p(f) = f**3 - 9*f**2 - 8*f - 12. What is the units digit of p(u)?
8
Suppose -10 = o - 3*o. Suppose 6 = o*q + 1. What is the units digit of q?
1
Let u(q) = q**3 - 6*q**2 + 7. Let l be u(6). Let i(r) = r - 3. Let a be i(l). Suppose 17 - 57 = -a*v. What is the tens digit of v?
1
Let q(a) = 11*a**2 + a - 2. Let x be q(2). What is the units digit of (x/6 - (-8)/(-24))*5?
5
What is the tens digit of 6*5 + (-9)/((-9)/(-4))?
2
What is the tens digit of ((-9 - -12) + 1)*1169*1?
7
Let b(s) = 7*s + 28. Let h = 44 - 38. What is the tens digit of b(h)?
7
Suppose 4*y + 15 = 5*x, 5*x - 3*x = 4*y + 6. Suppose 300 = 5*q - y*q. What is the tens digit of q?
6
Let x(k) = -85*k**2 - 3*k - 1. Let v(g) = 169*g**2 + 7*g + 3. Let f(w) = -2*v(w) - 5*x(w). What is the units digit of f(1)?
7
Suppose -4*n = 3*w - 222, -w - w - 3*n + 147 = 0. What is the units digit of w?
8
Let b(q) be the second derivative of -q**5/20 - q**4/6 - q**3 + q**2/2 - 2*q. What is the tens digit of b(-3)?
2
What is the units digit of (1 - -114)/(12/180)?
5
Suppose 0 = n + m - 7, 2*n + 5*m - 18 = -1. Let o = n + 28. What is the tens digit of o + -4 + (-3)/(-1)?
3
Let m be (0/(-5))/((-4)/2). Let p be -7 + 17 + m/1. Suppose -a = a - p. What is the units digit of a?
5
Suppose u + 12*u - 9412 = 0. What is the tens digit of u?
2
Suppose -2*u - 2*o - 26 = 0, -2*o = 2*o + 4. Let h be u/(-18)*9/6. What is the tens digit of (h - 20)*(-3 + 2)?
1
Let z be ((-3)/(-2))/((-2)/(-4)). Suppose -2*l - 219 = -5*u, 3*u = -z*l + 53 + 70. What is the units digit of u?
3
Suppose 0 = 67*d - 61*d - 27804. What is the hundreds digit of d?
6
Suppose 707 = -9*h + 7970. What is the tens digit of h?
0
Let o(v) = -v**2 + 18*v + 13. Suppose i = -2, 2*i = -2*x - i + 26. What is the tens digit of o(x)?
4
Let q(n) = 4*n - 12. Let x(s) = -1. Let a(l) = q(l) - x(l). Suppose j - 66 = -5*m - 24, -4*j - 12 = 0. What is the units digit of a(m)?
5
Let a = -58 - -29. Let d = 31 + a. What is the units digit of d?
2
Suppose 0*u + 16*u = 15344. What is the units digit of u?
9
Suppose 2*f + 2 = 0, -2*n + 2*f - 3 = -f. Let v be (-3 + n)/2 - -24. What is the tens digit of ((-78)/v)/(1/(-7))?
2
Let i be (-2)/5 + (-468)/(-20). Suppose 3*b + 4*t + 85 = -9, 0 = -2*t - 2. Let y = i - b. What is the tens digit of y?
5
Let t = 1254 + -748. What is the tens digit of t?
0
Let j(r) = -r + 6. Let s be j(4). Let f be 0/((-8)/s + 3). Suppose f = 4*o - 0 - 16, -124 = -5*w - o. What is the units digit of w?
4
Let a(b) = b**3 - 5*b**2 - 7*b + 10. Suppose -28 = -3*h - 3*r - 2*r, 22 = 4*h - r. What is the units digit of a(h)?
4
Suppose 5*x - 7034 = 2276. What is the tens digit of x?
6
Let r = -365 + 977. Suppose 6*s = 15*s - r. What is the units digit of s?
8
Let r(q) = 2*q**3 + 8*q**2 + q - 10. What is the units digit of r(3)?
9
Let s(z) = 2*z**3 - 4*z**2 + 4*z - 4. Suppose 13 = 2*o - 11. Let n = -9 + o. What is the units digit of s(n)?
6
Suppose -5*f = -4*b - 217, -2*b + 6*b + 172 = -4*f. Let j = b - -111. What is the units digit of j?
3
Let b = -24 - -29. Suppose -15 = 3*a, -2*i - b*a = -17 - 64. What is the tens digit of i?
5
Let u = -14 - -16. Suppose 0*m = u*m + 60. What is the tens digit of 2 - (-1 + 4) - m?
2
Let v be ((-76)/(-10))/((-2)/(-10)). Let c = v - 21. Let q = -9 + c. What is the units digit of q?
8
Suppose 62*p - 3507 = 59*p. What is the hundreds digit of p?
1
Suppose 0 = 5*v - 846 - 309. What is the units digit of v?
1
Let z(j) = -2*j**3 - 10*j**2 - 2*j - 18. What is the units digit of z(-7)?
2
Let h(y) = -y**3 - 3*y**2 - 6*y - 7. Let f be h(-5). Let z = 29 + -80. Let g = f + z. What is the tens digit of g?
2
Let y = 47 - 48. What is the tens digit of -27*((-12)/(-9) + -4) + y?
7
Let h(j) = j**2 - 2*j + 66. Suppose -2*l = -0*l. What is the tens digit of h(l)?
6
Suppose -9*z = -6*z + 5*g - 1003, 5*z = -4*g + 1676. What is the units digit of z?
6
Let j = -24 + 27. Suppose 17 - 5 = j*q. What is the tens digit of 62 - 1*(q - 6)?
6
Let z(l) = -6 + 2*l + 8*l**3 - 2*l**2 - 9*l**3 - 6*l. What is the units digit of z(-6)?
2
Let r = -351 - -246. Let a = r + 269. What is the hundreds digit of a?
1
Let r(a) = -5*a**3 + a**2 + 2*a + 1. Let q be r(-1). Suppose 4*f + q = 9. Suppose 3*h + f = 7. What is the units digit of h?
2
Suppose 10*g = 5*g + 680. Let o = 192 - g. What is the units digit of o?
6
Let n = -168 + 244. Let l(t) = -t**3 + 9*t**2 - 9*t - 8. Let g be l(7). Suppose -j = o - g, -5*o = -3*j - 19 + n. What is the units digit of j?
4
Let o be (66/2 - -2) + 2. Suppose 2*f - 7*f = l - 29, 5*f - o = -3*l. Suppose 4*i = l*a - 21 + 5, 3*a + i - 12 = 0. What is the units digit of a?
4
Suppose 70 = 11*s - 4*s. Suppose -s*x + 12 = -7*x. Suppose 0 = 4*z + y - 237, 3*y - 234 = -x*z + y. What is the units digit of z?
0
Suppose -10*r + 234 = -446. Let u = r - 60. What is the units digit of u?
8
Suppose -2*p + 23 = 3*j, 0*p - 5*p + 45 = 5*j. Suppose -344 = 2*i - 4*i. Suppose 0 = 8*x - p*x - i. What is the units digit of x?
3
Let t = 0 + 5. Suppose t*u - 16 = u. Suppose 36 = u*c - 6*v + 4*v, -12 = -3*v. What is the units digit of c?
1
What is the units digit of (-63)/13 - -5 - (-49875)/39?
9
Let t be 1135/25 + 4/(-10). Suppose -c - t = -6*c. Let y(u) = u**3 - 9*u**2 + 5*u - 4. What is the units digit of y(c)?
1
Let p = -731 + 1223. Let y = p + -344. What is the units digit of y?
8
Let b = -1089 - -1848. What is the tens digit of b?
5
Let k be (3 + -7 - -8) + 3. Suppose 0 = k*v + 71 + 132. Let c = v + 82. What is the units digit of c?
3
Suppose -6*d - 3*m = -d - 485, 3*d = 